Let x = -4 - -9. Suppose x*a = 15, 2*a = -q - 3 + 5. Let g = q + 25. What is the highest common divisor of g and 3?
3
Suppose -p + 32 = 2*u, 4*p - 7 + 5 = u. Suppose 0*j - 280 = -4*j. What is the highest common factor of u and j?
14
Let v = 39 - 38. Let l be (-15 + 23)*(v - -2). What is the greatest common factor of l and 168?
24
Suppose r + 5*m = 47, -325 = -5*r - 3*m - 90. What is the greatest common factor of 1 and r?
1
Let j(q) = -206*q + 908. Let z be j(4). Calculate the greatest common divisor of z and 189.
21
Let h(d) = -d**2 - 8*d + 185. Let j be h(10). What is the greatest common factor of j and 415?
5
Let n = 1131 - 962. Calculate the highest common factor of n and 13.
13
Let u(x) = -7*x - 51. Let v be u(-12). What is the greatest common divisor of 220 and v?
11
Suppose 0 = -2*p - 3*h + 77, -5*h + 2*h = -p + 34. Let a = 3 - -11. Suppose 0 = -f - a + p. What is the greatest common factor of f and 207?
23
Let x = -20 - -22. Let z be ((-20)/(-35))/x - (-10)/14. What is the greatest common divisor of 11 and z?
1
Let u = 10 - 2. Calculate the highest common factor of 56 and u.
8
Suppose -v - 5*f + 168 = 0, 3*v - 7*f + 10*f - 468 = 0. Calculate the highest common divisor of 187 and v.
17
Let l = 39 + -38. Suppose 3*a = -5*z + 34, 5*a - 4*z = -7*z + 30. Let y = a + l. What is the highest common divisor of 28 and y?
4
Let f(h) = -31*h**2 - 219*h + 3. Let z be f(-7). Suppose q + 2 = p - 14, -47 = -3*p + 4*q. Calculate the highest common factor of p and z.
17
Suppose 0 = 4*x + 2*l - 16, 4*l - 28 = -4*x + 5*l. Suppose 4*i - 3*t - 46 = 0, 2*i - x = -5*t + 4. Calculate the greatest common divisor of i and 10.
10
Let q be (-11 - (-6 - 0)) + 316/2. Calculate the highest common divisor of q and 18.
9
Let v be (1 + 1)*(616/4 - 9). Calculate the greatest common divisor of v and 30.
10
Let k(d) = d**3 + 7*d**2 + 12*d + 18. Let v be k(-5). Calculate the greatest common divisor of v and 88.
8
Suppose -3*h - 42 = -0*h. Let p = 46 + -14. Let q = p + h. Calculate the highest common factor of q and 198.
18
Let g be ((-190)/(-8) + -1)*(-380)/(-19). What is the greatest common factor of g and 5?
5
Let v = -13 + 16. Suppose 0 = -v*x - 2 + 5. Let p = 6 - x. Calculate the greatest common factor of 1 and p.
1
Suppose -7*x - 5 = -v - 4*x, 5*x = 4*v - 55. Suppose -v = -3*f - w, -2*f + f = 5*w - 16. Calculate the greatest common factor of 66 and f.
6
Let t = -749 - -755. Calculate the greatest common divisor of 186 and t.
6
Let d = -12 + 24. Suppose -20*a = -18*a - 170. Suppose 326 = 4*g + v + a, -5*v - 235 = -4*g. Calculate the highest common divisor of g and d.
12
Let h = 18 - 20. Let f be h/(-5) - 36/(-10). Suppose -t - 2*q = -6*t + 28, -4*t + q + 20 = 0. Calculate the highest common divisor of f and t.
4
Let s(h) = 2*h + 26. Suppose -z = 3*z + 3*r + 29, -5*r = -5*z - 80. Let c be s(z). What is the greatest common factor of 28 and c?
4
Suppose d - 7*d = -78. Let u = -7 + d. Let f(n) = 5*n - 2. Let x be f(4). What is the greatest common factor of x and u?
6
Suppose 14384 = 48*x - 13600. What is the greatest common factor of 55 and x?
11
Let r(h) = h - 11. Let l be r(11). Suppose l*f = -4*f. Suppose -19*g + 16*g + 27 = f. Calculate the highest common divisor of 6 and g.
3
Suppose 89 = 10*x - 9*x - 5*m, -25 = -5*m. Let d = 137 - x. Calculate the highest common divisor of 92 and d.
23
Let g = -75 - -90. Calculate the highest common factor of 35 and g.
5
Let q(d) = -19 + 18*d**2 - 16*d**2 - 8*d + 5 - 2. Let h be q(7). Calculate the greatest common divisor of h and 182.
26
Suppose 14*d - 1418 + 298 = 0. What is the greatest common divisor of d and 70?
10
Let o(l) = l**3 + 14*l**2 - 17*l - 20. Let m be o(-15). Suppose 2*r = m, -5*r + 4 = -3*g - 12. What is the greatest common divisor of 1 and g?
1
Suppose -2*y + 3*y - 3 = 3*k, -3*y = -k - 25. Suppose 5*i = 4*i - 72. Let v be (i/(-5))/((-10)/(-50)). Calculate the greatest common divisor of y and v.
9
Let j(a) = a**3 - 17*a**2 - 12*a + 24. Let o be j(18). Let u be o/8 + (-1)/2. Calculate the highest common divisor of u and 8.
8
Suppose 8 = 2*d, -5*y + 5*d - 2 = -92. Let q = 6 + -3. Suppose 12 = 3*a, -2*c + q*a - 111 = -5*c. What is the highest common divisor of c and y?
11
Let w(y) = -71*y**3 + 1. Let a be 5/(60/(-2)) + (-15)/18. Let x be w(a). What is the highest common divisor of 12 and x?
12
Let q be -42*21/(-6) - 4. Suppose -3*l - 2*l + 51 = 2*s, -5*l = 3*s - 49. Calculate the highest common divisor of l and q.
11
Let z be (-3)/(9/(-1))*3. Let w(x) = x**3 - 14*x**2 + 12*x + 21. Let s be w(13). What is the highest common divisor of z and s?
1
Suppose 4*p = -h - 0*h + 80, -5*p + 100 = -2*h. Let z be -5 + 4 - p/(-2). What is the greatest common factor of z and 72?
9
Suppose 1 = 2*k + 5*r, -r = -5*k + 3*k - 5. Let a(j) = -20*j + 5. Let d be a(k). Let p = -36 - -51. What is the highest common factor of p and d?
15
Let p = 13 - -146. Suppose 3*q - 145 = 2*t, -121*q - 272 = -126*q - t. What is the highest common divisor of q and p?
53
Let q(k) = -k**2 - 4*k + 13. Let n be q(-6). Let m be (-525)/(-165) + 4/(-22)*n. Calculate the greatest common divisor of 12 and m.
3
Let o be (-48)/(-2) - (2 - 3). Suppose 0 = 6*d - 10*d + 16. Suppose -5*x + d*f = -1141, 3*x - 904 = -x + f. Calculate the highest common factor of x and o.
25
Suppose 0 = -4*s + 5*q + 87, 15*s - 2*q - 340 = 3*q. Suppose -3*g - 5*b = -187, -2*g + g - 5*b + 49 = 0. What is the highest common divisor of s and g?
23
Let t = 35 + 1. Let x(d) = 6*d + 12. Suppose 3*r - 3 = 0, -3*q + r + 19 = -r. Let c be x(q). What is the highest common factor of t and c?
18
Let h(z) = z + 8. Let u be h(-4). Suppose 16 = u*x - 3*x - y, 5*y = -20. Calculate the highest common factor of 132 and x.
12
Suppose -5*r - 21 = -2*n, -4*n + 5*r + 47 = -10. Suppose d - 26 - n = 0. What is the greatest common factor of d and 4?
4
Suppose -2*j - 6 = 6. Let r be (-31)/(2 + (3 - 0) + j). Calculate the highest common factor of 217 and r.
31
Let q = -1 - -3. Suppose q*k + k = 231. Suppose k + 193 = 3*s. What is the highest common factor of 15 and s?
15
Let w = 2 - 2. Suppose 6*i = 5*i + 4. Suppose -i*n + 5 = -9*n, w = 2*q - 5*n - 31. Calculate the highest common factor of q and 65.
13
Let d(g) = -2*g**3 - 26*g**2 - 26*g + 12. Let u be d(-12). What is the greatest common divisor of 342 and u?
18
Let q = -13 - -60. Suppose 0 = 4*n - 1 - q. Suppose 3*x - 94 = 50. What is the highest common divisor of n and x?
12
Let r(z) = 2*z**3 + 151*z**2 - 79*z - 173. Let j be r(-76). What is the greatest common divisor of j and 1760?
55
Suppose 0 = -9*n + 4*n + 105. Let u = -98 - -110. Let s be 99/45 - u/(-15). What is the greatest common divisor of n and s?
3
Let o be (8/12)/((-3)/(-81)) - -1. Suppose 7*b + 480 = o*b. What is the highest common divisor of b and 100?
20
Suppose -4*s = -5*y + s - 360, 2*s = -2*y - 160. Let c be (y*7/(-28))/(1 + 0). What is the greatest common factor of c and 19?
19
Let l(p) = 147*p - 6. Let r be l(2). Suppose -2*s - 2*z = -r, s - z - z = 153. Let o = s - -15. Calculate the greatest common divisor of 18 and o.
18
Let p be (-9)/(63/(-1694)) + -6. What is the greatest common factor of 12 and p?
4
Let d(q) = 5*q + 56. Let x be d(-8). Suppose 0 = s + 3*s - 224. Calculate the highest common divisor of s and x.
8
Let x = -30 - -25. Let o(y) = y**3 + 5*y**2 - y - 2. Let g be o(x). What is the highest common divisor of g and 2?
1
Let t(b) = b**2 + 4*b + 81. Let w be t(-15). What is the greatest common factor of 410 and w?
82
Let t be 74/5 + (-3)/(-15). Let q be -6*((-8085)/(-14))/(-21). What is the greatest common divisor of t and q?
15
Let z be 1077240/420 + 1/7. Calculate the highest common divisor of 95 and z.
95
Let i be 283356/476 + 0 + 4/(-14). What is the highest common divisor of i and 238?
119
Let l = 623 - -209. Suppose -4*c = -4*s + l, 7*s - 2*s - 1042 = 3*c. What is the highest common divisor of s and 19?
19
Let z be 1/((-3)/(-51)) - (6 + -1). Let h = -123 - -207. What is the highest common divisor of z and h?
12
Let r be (-4)/(-6)*(8 - -406). Let g = r - 67. What is the highest common factor of 19 and g?
19
Let n be 108/26 + 4/(-26). Let a be (-3 - -6 - n) + 3. Suppose 4*o + x = 11, 5*o + 3*x + 3 = a*o. What is the greatest common factor of o and 12?
4
Suppose -15*n - 12 = -19*n